 = 0. Let m = -61 - -86. What is the highest common factor of m and x?
5
Let s = -85 + 90. Let j be (14 + -5)*s - -3. What is the greatest common divisor of j and 216?
24
Suppose 11836 = -119*x + 84664. What is the highest common factor of x and 288?
36
Suppose 25 = o - 4*x - 21, -3*x - 12 = 0. Let c be (-6)/(-24) + (-59)/(-4). Suppose -p + 30 = -c. Calculate the greatest common divisor of o and p.
15
Let l(d) = 4*d**2 - 98*d + 9. Let z be l(31). Calculate the highest common divisor of 15 and z.
5
Suppose 116*c - 118*c - 2 = 0, h = -3*c + 51. What is the greatest common divisor of h and 990?
18
Let d = -13051 - -13177. Calculate the highest common factor of d and 7875.
63
Let a = -2083 + 3140. What is the highest common divisor of 28 and a?
7
Let b = -6797 - -8847. What is the greatest common divisor of b and 100?
50
Let t(q) = -71*q**2 - 1. Let h be t(1). Let k be (-2)/8 + (-1458)/h - -2. Calculate the highest common factor of 2 and k.
2
Let l = -243 + 331. Suppose -6*q + 328 = l. Calculate the greatest common divisor of q and 192.
8
Suppose 2*c + 68*u = 64*u + 7374, 0 = u - 2. Calculate the greatest common factor of 508 and c.
127
Suppose 5*h + 19 = z, z - 60 + 17 = -h. Let c = 106 - 103. What is the greatest common factor of c and z?
3
Let j(s) = s**3 - 41*s**2 - 42*s - 111. Let f be j(42). Let q = f - -125. Calculate the greatest common factor of 518 and q.
14
Suppose -2*l = 4*w - 3534, l - 333*w - 1787 = -330*w. Calculate the greatest common divisor of l and 25.
25
Let m(p) = p**3 + 9*p**2 + 14*p - 4. Suppose -k = 4*a + 20, -a + 4*k = 3*a + 40. Let g be m(a). What is the greatest common divisor of 16 and g?
4
Suppose -w = 19*q - 20*q, -5*w = -3*q - 2. Let x be -6 - (w - 2) - (-515 - 3). Calculate the greatest common factor of x and 57.
57
Suppose -5*d + 4679 = 2*i, -4*i + 4*d = -5031 - 4201. What is the greatest common factor of 63 and i?
7
Suppose 0 = 4*v + 11*i - 3216, 4*v + 4*i - 9*i = 3280. Calculate the highest common divisor of v and 4401.
163
Let s(r) = 14*r**2 + 3*r + 48. Let d be s(-9). What is the greatest common divisor of 11 and d?
11
Let r(m) = 51*m**2 - 8*m - 1. Let t be r(1). Calculate the greatest common divisor of t and 2982.
42
Suppose -39 = -4*k + 17. Let f be (-3)/((-3)/22)*9/18. Let o(i) = 9*i + 27. Let a be o(f). Calculate the greatest common factor of a and k.
14
Let n be ((-7)/35 + 46/(-20))*-2. Suppose n*i + 27 = 87. Suppose -2*z + 40 = i. What is the greatest common divisor of 56 and z?
14
Let g = 14 - 5. Let a be (3 - 5) + 13 - 0. Suppose -21*v + 10 = -a*v. What is the highest common divisor of v and g?
1
Let r = 2076 + -2043. Let y be (14 - (-9)/(-3))*39. Calculate the highest common factor of r and y.
33
Suppose -16*v + v + 45 = 0. Suppose -4*s + 6*s - 38 = 2*y, -v*y = 5*s - 87. What is the highest common factor of 27 and s?
9
Let c(z) = 5*z - 3. Let u be c(9). Suppose -3*v = -h + u, -71 = -5*h + 5*v + 149. What is the greatest common divisor of h and 15?
15
Let r be 66/(-9)*((-78)/12 + -7). What is the greatest common factor of r and 1408?
11
Let m(i) = -i**3 + 4*i**2 - i + 5. Let b be m(4). Suppose b + 3 = -2*g. Let v be ((-8)/6)/(g/3). What is the greatest common factor of 16 and v?
2
Let k = -18248 + 18323. Calculate the highest common factor of k and 129.
3
Let y = -290 + 7400. Calculate the greatest common divisor of y and 18.
18
Let a = 1016 - 864. Calculate the greatest common factor of a and 418.
38
Let n be (-6)/1*5/(-10). Let a be n*(-10)/15*-1. Let w be (-92 + a)/(-4 + 3 + 0). What is the highest common factor of 9 and w?
9
Let m be ((-24)/6 - -7) + 0. Let a be ((-45)/(-3))/(1/m). Calculate the greatest common factor of a and 5.
5
Suppose 26*k + 754 = -32*k. Let h = -400 - -256. Let l be 5/3*k/(520/h). What is the greatest common divisor of 114 and l?
6
Let q(m) = -76*m + 5. Let n be q(-4). Let t = n - 166. Let j = -688 + 699. Calculate the greatest common divisor of t and j.
11
Let s = 1570 + -1520. What is the highest common factor of 10 and s?
10
Suppose 0 = 6*l - l + 35. Let b be (4/l)/(2/(-42)*2). Calculate the highest common factor of b and 42.
6
Let o be (-7208)/(-44) - (-10)/55. Calculate the highest common factor of 697 and o.
41
Let x = -3 - -3. Suppose -3*m - 1 + 4 = x. Calculate the highest common factor of 29 and m.
1
Suppose 0 = -c + 1 + 29. Suppose 4*g + 4*q - c = -6, -46 = -5*g - q. Let w(y) = y**2 + 5*y + 5. Let u be w(-5). Calculate the greatest common factor of g and u.
5
Let b(u) = -13*u**3 + 6*u**2 - 3*u + 1. Let h be b(1). Let z be (-48)/h*(91/28 + -1). Calculate the greatest common divisor of z and 15.
3
Suppose 2*v = -4*n + 350, 2*v - 364 = -11*n + 14*n. Suppose -4*q - 79 = -v. What is the greatest common factor of q and 110?
5
Let b be 3/8 + 1519368/1856. What is the highest common divisor of b and 7?
7
Suppose -3*s = v - 85, -16*v + 458 = -11*v + 4*s. Calculate the greatest common factor of v and 8225.
47
Let d be (-2)/(-23) + (92864/644 - (-4)/(-14)). What is the highest common divisor of d and 216?
72
Let t be (-6)/(-8) - 54/8. Let v be (-12)/18*(3 - t). Let m be 272/12 + 4/v. What is the highest common divisor of 22 and m?
22
Let t(v) be the third derivative of v**6/120 - v**5/5 + 7*v**4/4 - 11*v**3/6 + 2*v**2 + 21*v. Let l be t(5). Calculate the highest common factor of l and 56.
8
Suppose -3020 = -5*x - 5*v, -2*x + v + 1261 = 80. Calculate the highest common divisor of 6970 and x.
85
Suppose 5*x = 4*n + 29481, 1180 = 3*x - 3*n - 16505. What is the greatest common divisor of x and 21?
21
Suppose 3*f = 5*s - 1305, s - 153 = 5*f + 108. Let m = s + -258. Calculate the greatest common factor of m and 96.
3
Suppose -38934 = 1402*a - 1416*a. What is the highest common factor of 27 and a?
27
Let o = 147 + -145. Let k(a) = -1 + 700*a - 700*a + 4*a**o. Let j be k(3). What is the highest common factor of 14 and j?
7
Suppose w = 4*w + 33. Let d(u) = u + 12. Let j(o) = o + 5. Let x(i) = 2*d(i) - 6*j(i). Let l be x(w). What is the highest common divisor of 19 and l?
19
Let i(h) be the second derivative of -5*h**3/6 + 39*h**2/2 - 47*h. Let u be i(-1). Calculate the greatest common divisor of u and 132.
44
Let f be (-3 - 2)/15 + 1475/15. Calculate the greatest common divisor of 350 and f.
14
Let d be (88/220)/((-730802)/(-146160) - 5). Calculate the highest common factor of 126 and d.
126
Let p be 2/(-4)*(-2)/(-3)*-3. Let j be (p/3)/(10/1230). Suppose -j = -3*m + 5*w, 0*m + 4*m + 3*w - 16 = 0. What is the highest common factor of 7 and m?
7
Suppose 5*h - c = 105, -2*h + 32 = 2*c + 2. Let n be (-288)/132 + (-2)/(-11) + h. What is the highest common divisor of n and 2?
2
Suppose v - 3*g + g + 19 = 0, 2*v + 48 = 2*g. Let h = v + 29. Let p be (10*-5 - h)/(-2). What is the highest common factor of p and 125?
25
Suppose -980*w = -984*w + 640. What is the highest common factor of w and 1520?
80
Let w be -5*(-2)/(-30)*9. Suppose 4*n + 0*x + 2*x - 254 = 0, -3*n + 3*x + 204 = 0. Let q = w + n. What is the greatest common divisor of q and 155?
31
Let f = -75 - -124. Let t(h) = -h**2 - 56*h + 297. Let x be t(-60). Let l = x - f. Calculate the highest common divisor of l and 8.
8
Suppose -2*i = 2, -4*x + 42*i - 39*i + 26887 = 0. What is the greatest common factor of 143 and x?
143
Suppose 2*h - 5*u - 88 = 95, 4*u = h - 96. Let j = -986 - -1028. Calculate the highest common factor of j and h.
42
Suppose 11*m - 154 = -0*m. Suppose -m*t = -6*t - 136. Suppose -t + 13 = -2*u. What is the greatest common factor of 2 and u?
2
Suppose -2430 = -11*s - g, 6*s - 11*s = -2*g - 1107. Calculate the highest common factor of 3419 and s.
13
Let o = 252 + -251. Let m(p) = 91*p - 6. Let c be m(o). Suppose 5*j + 15 = -2*n, 0*j = n - 4*j - 25. Calculate the highest common factor of c and n.
5
Suppose 4*l - 9*l + 20 = 0. Let w be 1 + l + (-12)/(-6). Calculate the highest common factor of 28 and w.
7
Let v be ((-3)/(-24)*-27)/(1424/(-128) + 11). Calculate the greatest common divisor of v and 17037.
27
Let p = -16351 + 17851. Calculate the greatest common divisor of p and 1260.
60
Suppose -8*r - 120 = -4*r. Let i be r/25*-5*18. Let x = 39 - 27. What is the highest common factor of x and i?
12
Let v(a) = -a**2 - 16*a - 14. Let x be v(-14). Suppose 57*y - 140 = 53*y. What is the highest common divisor of y and x?
7
S